3*r - 3*j + 2*j - 1262 = 0, -x*j = -20. What are the prime factors of r?
2, 211
Let u(i) = -i**3 - 23*i**2 + 23*i - 33. Let j be u(-24). What are the prime factors of (-1632)/(-10) - j/(-45)?
163
Let w(m) = -m**3 - 3*m**2 + 2*m + 1. Let a(x) = 21*x**2 - 3*x - 1. Let d(z) = a(z) + 5*w(z). Let c be (-1 - -5)*6/(-8). What are the prime factors of d(c)?
2, 43
Suppose 111*s + 119 = 104*s. Let n(m) = -22*m - 173. What are the prime factors of n(s)?
3, 67
Suppose 0 = 5*j, -2*j - 3 - 1 = -4*o. Let b = 5 - o. Suppose -78 = -b*q + 10. What are the prime factors of q?
2, 11
Suppose -4*g + s - 5*s = -152, 3*s - 278 = -7*g. Let o be (-74)/(-4)*2*-1. Let f = o + g. List the prime factors of f.
2
Let n = -22749 - -61611. What are the prime factors of n?
2, 3, 17, 127
Suppose -2*q + 5*i + 37 = 0, -2*q = q + 4*i - 21. Suppose 15*f - q*f = 4*p + 756, f + 4*p = 184. What are the prime factors of f?
2, 47
Let s(m) = m**3 + 0*m**3 + 9 - 7*m**2 + 12*m - 13*m - 6*m. Let t be s(8). Suppose 10*z - t*z + 329 = 0. What are the prime factors of z?
47
Suppose 3*j - 3 = 2*j, -137 = -4*h + j. Suppose 6*w - 13*w + h = 0. Suppose 17 = w*b - 108. List the prime factors of b.
5
Suppose 0 = 7*r + 26 - 5. Let b(g) = -23*g**3 + 5*g**2 + g - 9. List the prime factors of b(r).
2, 3, 109
Let o(c) = 80*c + 54. Let j be 10*((-84)/15 - -6). List the prime factors of o(j).
2, 11, 17
Let k(a) = -a**2 - 10*a + 18. Let o be k(-11). Let z(x) = 2*x**3 - 12*x**2 + 12*x - 10. Let m be z(o). Suppose -m = -r - r. What are the prime factors of r?
2, 43
Let k = 44 - 43. Suppose -3*f = -15, 4*i - k - 5 = -2*f. Let u(m) = -72*m**3 + 2*m**2 + 2*m + 1. List the prime factors of u(i).
73
Let d(j) = 11*j. Let z be (-266)/(-63) + -3 - 4/18. Let t be d(z). List the prime factors of t/(110/465) + 2/4.
47
Let t(i) = -26*i + 4. Let c(f) = f + 2. Let x(k) = -14*c(k) + 2*t(k). List the prime factors of x(-9).
2, 7, 41
Suppose r - v - 3877 = 0, 5*r - 27488 = -v - 8085. What are the prime factors of r?
2, 5, 97
Let w(i) = i**3 + 64*i**2 + 39*i + 977. What are the prime factors of w(-26)?
113, 227
Let j be (-2 - -2) + (6 - -1090). Suppose -w - j = -5*w. What are the prime factors of w?
2, 137
Let d = -1871 + 8650. What are the prime factors of d?
6779
Suppose -5*w - 2*r = 3*r - 25, 0 = w - 3*r - 1. Suppose -3*v = w*d - 308, -2*d + 154 = -0*d + 3*v. List the prime factors of d.
7, 11
Let k(w) = 386*w**2 + 6*w - 173. What are the prime factors of k(-7)?
3, 23, 271
Let r(a) = a**3 + 113*a**2 + 278*a - 1005. What are the prime factors of r(-109)?
16217
Suppose 4*x + 15*y = 18*y + 6307, 7*x = 2*y + 11047. What are the prime factors of x?
1579
Let n(m) = -m**3 + 7*m**2 + 8*m + 2. Let o = -55 + 31. Let l = 31 + o. List the prime factors of n(l).
2, 29
Suppose 7*x - 3*x + 28 = 0. Let p(w) = -w**3 - 8*w**2 - 15*w - 54. Let g be p(x). What are the prime factors of (26*10/60)/(g/60)?
2, 5, 13
Suppose 5*m - 21143 = -3*a, 4*m - 5862 - 1181 = -a. List the prime factors of a.
11, 641
Suppose -10*f - 8274 = -24*f. Let t = -286 + f. List the prime factors of t.
5, 61
Let a(i) = -i**2 - 3*i + 440. Let d be a(0). Suppose d = 2*q - 392. What are the prime factors of q?
2, 13
Suppose -147*o + 160*o - 39 = 0. Suppose -1452 = -o*a + 414. What are the prime factors of a?
2, 311
Suppose 5*o - 202 = -67. Suppose -3*n = -3*i + o, -5*i + 6*n - 2*n = -40. Suppose 4*b = 5*s + 162, i = 2*s - 0. List the prime factors of b.
43
Suppose -28*p = -20*p - 40. Suppose 2*a = p*t - a - 8826, 2*t + 4*a - 3546 = 0. Suppose 0 = 15*b - t - 1518. List the prime factors of b.
3, 73
Let f(d) be the first derivative of -2*d**2 - 14*d - 25. Let y be f(-4). What are the prime factors of (3/y)/((-7244)/(-1808) + -4)?
2, 113
Suppose 3059*x - 3058*x - 123323 = -3*u, u - 5*x = 41065. List the prime factors of u.
5, 8221
Suppose 5*c - 214 + 239 = 0, -p - 4*c + 9373 = 0. List the prime factors of p.
3, 31, 101
Let m = 3487 + -1899. Suppose -m = 6*b - 2140. What are the prime factors of b?
2, 23
Let a(r) = 5*r. Let i be a(2). Suppose 0 = 3*k + i + 2. List the prime factors of 2/k - (2 - 655/10).
3, 7
Let n = -348 - 287. Let h = -413 - n. List the prime factors of h.
2, 3, 37
Let f(n) = 6*n**2 + 2*n - 2. Let a be f(-1). Suppose -2*p - 2*g = -904, -a*p + 449 = -p - 2*g. What are the prime factors of p?
11, 41
Let h(n) = 3*n**2 + 8*n - 21. Suppose 22 = 4*i - 5*p - 47, -3*p - 15 = 0. Suppose 16*x = i*x - 40. What are the prime factors of h(x)?
107
Let l(z) = 3742*z**2 - 12*z + 1. List the prime factors of l(1).
7, 13, 41
Let f(p) = 5*p - 12. Let o be f(4). Suppose -o*z + 4*z = 0. Let j = 58 - z. What are the prime factors of j?
2, 29
Let p = 89 - 76. Suppose 11*m + p*m = 14400. What are the prime factors of m?
2, 3, 5
Suppose -2*k = -35585 - 397. List the prime factors of k.
3, 1999
Suppose -1306 = 3*h - 1306. Let c = -236 - -485. Suppose h = -5*f + c + 11. List the prime factors of f.
2, 13
Let r = -33 - -48. List the prime factors of (10/r)/((-8)/(-900)).
3, 5
Suppose -3*p - 2428 - 13847 = -4*i, 5*i + 2*p - 20338 = 0. List the prime factors of i.
2, 3, 113
Let g(x) = x**3 + 27*x**2 - 21*x - 388. List the prime factors of g(-17).
3, 953
Suppose -3*v = 0, -n - v = n - 3*v - 23422. What are the prime factors of n?
7, 239
Let d(l) = 268*l**2 + 2*l + 21. Let r be d(4). Suppose 5*k = -c + 4549, 3*k + 1589 - r = -2*c. List the prime factors of k.
2, 5, 7, 13
Let c(z) = -z**3 + 44*z**2 - 40*z + 1013. What are the prime factors of c(41)?
2, 3, 23
Suppose 463450 = 58*m - 51590. What are the prime factors of m?
2, 3, 5, 37
Suppose -3*m + 43*f = 38*f - 8120, 3*f + 13512 = 5*m. What are the prime factors of m?
2, 3, 5
Let t(z) = -51*z**3 - 5*z**2 + 6*z - 12. Let w be t(4). List the prime factors of ((-2)/(-12) - w/24) + -1.
2, 3, 23
Let t = -3874 - -5585. What are the prime factors of t?
29, 59
Let k(x) = -27 + 0 - 140*x + 149*x. Let j be k(6). Let f = j - -18. What are the prime factors of f?
3, 5
Let m(g) = 2*g**3 + 28*g**2 - g - 19. Let a be m(-14). List the prime factors of (1900/a - 0)*-2.
2, 5, 19
Let n be (-12)/36 + 10/3. Suppose 3*s + n*s = 18. What are the prime factors of ((-5)/s + 3)/((-4)/(-198))?
2, 3, 11
Suppose 271*h - 1263907 + 487221 = 0. What are the prime factors of h?
2, 1433
Let y(x) = 491*x + 606. What are the prime factors of y(9)?
3, 5, 67
Let h(c) be the second derivative of c**4/12 - 5*c**3/6 - 4*c**2 + 33*c. Let m be h(7). Suppose 0 = -m*t - 724 + 1810. What are the prime factors of t?
181
Let s(p) = 11802*p + 208. What are the prime factors of s(5)?
2, 29, 1021
What are the prime factors of 3518250/1750 - 8/(-14)?
2011
Suppose 5*m = -0*i + 3*i + 8, i - 16 = -3*m. Suppose 6 = 3*a - 9, i*g - 5 = 3*a. Suppose 2*s - w = 144 + 92, g*w = -s + 96. What are the prime factors of s?
2, 29
Suppose 98*d - 106*d + 1251 - 355 = 0. Let q(s) = -s**2 - 2*s + 2. Let n be q(-6). Let h = d + n. List the prime factors of h.
2, 3, 5
Let c(w) = 3930*w + 19. What are the prime factors of c(1)?
11, 359
Let m(b) = 752*b**2 - 138*b - 814. List the prime factors of m(-7).
2, 5, 37
Let t be -2 + 0 - 3*12/(-9). Suppose t*c + 10 = -3*c. Let d(b) = 19*b**2 + 2*b + 6. What are the prime factors of d(c)?
2, 3, 13
Suppose -4*v = -5*l + 16721 + 925, -3*l + v + 10596 = 0. What are the prime factors of l?
2, 3, 19, 31
Suppose -5*p = n - 2*p - 3812, 0 = -5*n + 3*p + 19132. List the prime factors of n.
2, 239
Let h(w) be the first derivative of 15*w**4/2 - w**3/3 + 2*w**2 - 3*w - 20. List the prime factors of h(1).
2, 3, 5
Suppose -15*b + 47*b = 171801 + 16135. What are the prime factors of b?
7, 839
Suppose -k - 11 = -3*p - 7, 0 = -4*k + 4*p. Suppose -2*u = 5*m - 673, -k*u + 2*m - 2 = -668. What are the prime factors of u?
2, 167
Suppose -5*c - 196*u = -200*u - 16027, u - 9606 = -3*c. What are the prime factors of c?
3203
Suppose -2*d + 5 = -3*g, g + 3*d - 3 = -d. Let s be (g + 0)*(-7)/(-7)*-15. Suppose -318 + s = -3*v. List the prime factors of v.
101
Let f be (118/3)/(0 - (-11)/264). Let y = f + -125. What are the prime factors of y?
3, 7, 13
Suppose -18 = -3*j, -8*j = t - 3*j - 16945. List the prime factors of t.
5, 17, 199
Let f = -6814 - -19534. List the prime factors of f.
2, 3, 5, 53
Suppose -5*i + 428 = w, -w + 2*i = 5*i - 428. Suppose 0 = 807*f - 796*f - 33. Suppose -4*u + 410 = -5